{"id":86,"date":"2024-07-28T13:14:11","date_gmt":"2024-07-28T11:14:11","guid":{"rendered":"http:\/\/otwarteszkoly.eu\/?page_id=86"},"modified":"2024-08-21T17:07:08","modified_gmt":"2024-08-21T15:07:08","slug":"wartosci","status":"publish","type":"page","link":"https:\/\/otwarteszkoly.eu\/?page_id=86","title":{"rendered":"Nasze Warto\u015bci"},"content":{"rendered":"\t\t<div data-elementor-type=\"wp-page\" data-elementor-id=\"86\" class=\"elementor elementor-86\">\n\t\t\t\t<div class=\"elementor-element elementor-element-e9479b8 e-con-full e-flex e-con e-parent\" data-id=\"e9479b8\" data-element_type=\"container\">\n\t\t\t\t<div class=\"elementor-element elementor-element-381440f elementor-widget elementor-widget-heading\" data-id=\"381440f\" data-element_type=\"widget\" data-widget_type=\"heading.default\">\n\t\t\t\t<div class=\"elementor-widget-container\">\n\t\t\t\t\t<h2 class=\"elementor-heading-title elementor-size-default\">Nasze Warto\u015bci<\/h2>\t\t\t\t<\/div>\n\t\t\t\t<\/div>\n\t\t\t\t<div class=\"elementor-element elementor-element-816f35c elementor-widget elementor-widget-spacer\" data-id=\"816f35c\" data-element_type=\"widget\" data-widget_type=\"spacer.default\">\n\t\t\t\t<div class=\"elementor-widget-container\">\n\t\t\t\t\t\t\t<div class=\"elementor-spacer\">\n\t\t\t<div class=\"elementor-spacer-inner\"><\/div>\n\t\t<\/div>\n\t\t\t\t\t\t<\/div>\n\t\t\t\t<\/div>\n\t\t\t\t<div class=\"elementor-element elementor-element-ed32a3e elementor-widget elementor-widget-text-editor\" data-id=\"ed32a3e\" data-element_type=\"widget\" data-widget_type=\"text-editor.default\">\n\t\t\t\t<div class=\"elementor-widget-container\">\n\t\t\t\t\t\t\t\t\t<h3 class=\"elementor-heading-title elementor-size-large\">Warto\u015bci, jakimi kieruj\u0105 si\u0119 nasi edukatorzy<\/h3>\t\t\t\t\t\t\t\t<\/div>\n\t\t\t\t<\/div>\n\t\t\t\t<div class=\"elementor-element elementor-element-be29fd6 elementor-widget elementor-widget-spacer\" data-id=\"be29fd6\" data-element_type=\"widget\" data-widget_type=\"spacer.default\">\n\t\t\t\t<div class=\"elementor-widget-container\">\n\t\t\t\t\t\t\t<div class=\"elementor-spacer\">\n\t\t\t<div class=\"elementor-spacer-inner\"><\/div>\n\t\t<\/div>\n\t\t\t\t\t\t<\/div>\n\t\t\t\t<\/div>\n\t\t\t\t<div class=\"elementor-element elementor-element-a36b248 elementor-widget elementor-widget-text-editor\" data-id=\"a36b248\" data-element_type=\"widget\" data-widget_type=\"text-editor.default\">\n\t\t\t\t<div class=\"elementor-widget-container\">\n\t\t\t\t\t\t\t\t\t<p>W naszej szkole nie ma dzwonk\u00f3w, siedzenia w bezruchu, ocen ani zada\u0144 domowych. Dla starszych uczni\u00f3w jest og\u00f3lny podzia\u0142 zaj\u0119\u0107 na przedmioty.<\/p><p>W klasach 1-3 dzieci korzystaj\u0105 z nauczania zintegrowanego z elementami edukacji polonistycznej, matematycznej, przyrodniczej, informatycznej i j\u0119zykowej.<\/p><p>Opr\u00f3cz zaj\u0119\u0107 przedmiotowych z programu nauczania uczniowie mog\u0105 uczestniczy\u0107 w zaj\u0119ciach, kt\u00f3re nie mieszcz\u0105 si\u0119 w ramach podstawy programowej &#8211; m.in. zaj\u0119cia z trenerami mentalnymi, improwizacja teatralna, wiedza o finansach, warsztaty kulinarne, zaj\u0119cia z dietetykiem i wiele innych.<\/p>\t\t\t\t\t\t\t\t<\/div>\n\t\t\t\t<\/div>\n\t\t\t\t<div class=\"elementor-element elementor-element-12f9c8f elementor-widget elementor-widget-spacer\" data-id=\"12f9c8f\" data-element_type=\"widget\" data-widget_type=\"spacer.default\">\n\t\t\t\t<div class=\"elementor-widget-container\">\n\t\t\t\t\t\t\t<div class=\"elementor-spacer\">\n\t\t\t<div class=\"elementor-spacer-inner\"><\/div>\n\t\t<\/div>\n\t\t\t\t\t\t<\/div>\n\t\t\t\t<\/div>\n\t\t\t\t<\/div>\n\t\t<div class=\"elementor-element elementor-element-b7386fe e-grid e-con-boxed e-con e-parent\" data-id=\"b7386fe\" data-element_type=\"container\">\n\t\t\t\t\t<div class=\"e-con-inner\">\n\t\t\t\t<div class=\"elementor-element elementor-element-b5f2642 elementor-position-top elementor-widget elementor-widget-image-box\" data-id=\"b5f2642\" data-element_type=\"widget\" data-widget_type=\"image-box.default\">\n\t\t\t\t<div class=\"elementor-widget-container\">\n\t\t\t\t\t<div class=\"elementor-image-box-wrapper\"><figure class=\"elementor-image-box-img\"><img fetchpriority=\"high\" decoding=\"async\" width=\"960\" height=\"958\" src=\"https:\/\/otwarteszkoly.eu\/wp-content\/uploads\/2024\/07\/Joanna-I.jpg\" class=\"attachment-full size-full wp-image-193\" alt=\"\" srcset=\"https:\/\/otwarteszkoly.eu\/wp-content\/uploads\/2024\/07\/Joanna-I.jpg 960w, https:\/\/otwarteszkoly.eu\/wp-content\/uploads\/2024\/07\/Joanna-I-300x300.jpg 300w, https:\/\/otwarteszkoly.eu\/wp-content\/uploads\/2024\/07\/Joanna-I-150x150.jpg 150w, https:\/\/otwarteszkoly.eu\/wp-content\/uploads\/2024\/07\/Joanna-I-768x766.jpg 768w\" sizes=\"(max-width: 960px) 100vw, 960px\" \/><\/figure><div class=\"elementor-image-box-content\"><h3 class=\"elementor-image-box-title\">Joanna Idzikowska <br> MISJA<\/h3><p class=\"elementor-image-box-description\">Mimo \u017ce nie nauczam \u017cadnego konkretnego przedmiotu w naszej Otwartej Szkole, to daj\u0119 z siebie zawsze 100% Czym jest dla mnie misja ? Misja to uparte i konsekwentne d\u0105\u017cenie do celu, nawet kiedy tego nie wida\u0107. Misja to niepoddawanie si\u0119 i szukanie drogi najlepszej z mo\u017cliwych do wyboru. Misja to ci\u0105g\u0142a gotowo\u015b\u0107 do dzia\u0142ania i s\u0142u\u017cenia dzieciom i m\u0142odzie\u017cy, by znale\u017ali u nas bezpieczn\u0105 przysta\u0144 w edukacji jak i w \u017cyciu.<\/p><\/div><\/div>\t\t\t\t<\/div>\n\t\t\t\t<\/div>\n\t\t\t\t<div class=\"elementor-element elementor-element-d97264b elementor-position-top elementor-widget elementor-widget-image-box\" data-id=\"d97264b\" data-element_type=\"widget\" data-widget_type=\"image-box.default\">\n\t\t\t\t<div class=\"elementor-widget-container\">\n\t\t\t\t\t<div class=\"elementor-image-box-wrapper\"><figure class=\"elementor-image-box-img\"><img decoding=\"async\" width=\"858\" height=\"858\" src=\"https:\/\/otwarteszkoly.eu\/wp-content\/uploads\/2024\/07\/Justyna-Szulc-Wiecek.jpeg\" class=\"attachment-full size-full wp-image-177\" alt=\"\" srcset=\"https:\/\/otwarteszkoly.eu\/wp-content\/uploads\/2024\/07\/Justyna-Szulc-Wiecek.jpeg 858w, https:\/\/otwarteszkoly.eu\/wp-content\/uploads\/2024\/07\/Justyna-Szulc-Wiecek-300x300.jpeg 300w, https:\/\/otwarteszkoly.eu\/wp-content\/uploads\/2024\/07\/Justyna-Szulc-Wiecek-150x150.jpeg 150w, https:\/\/otwarteszkoly.eu\/wp-content\/uploads\/2024\/07\/Justyna-Szulc-Wiecek-768x768.jpeg 768w\" sizes=\"(max-width: 858px) 100vw, 858px\" \/><\/figure><div class=\"elementor-image-box-content\"><h3 class=\"elementor-image-box-title\">Justyna Szulc-Wi\u0119cek <br> KREATYWNO\u015a\u0106<\/h3><p class=\"elementor-image-box-description\">Kreatywno\u015b\u0107, to dla mnie mo\u017cliwo\u015b\u0107 dostrze\u017cenia rozwi\u0105zania poza szablonem. To wypowied\u017a p\u0142yn\u0105ca z wn\u0119trza, kt\u00f3ra w styczno\u015bci ze \u015bwiatem a\u017c wibruje od rado\u015bci i ekscytacji. To tak\u017ce zaufanie do siebie.\nMog\u0119 czerpa\u0107 z g\u0142\u0119bi, kt\u00f3r\u0105 nosz\u0119 w sobie. Tak poj\u0119t\u0105 kreatywno\u015bci\u0105 inspiruj\u0119 dzieci do zaufania w swoje si\u0142y i czerpania rado\u015bci z tego, co idzie z ich wn\u0119trza prosto do \u015bwiata.<\/p><\/div><\/div>\t\t\t\t<\/div>\n\t\t\t\t<\/div>\n\t\t\t\t<div class=\"elementor-element elementor-element-d715785 elementor-position-top elementor-widget elementor-widget-image-box\" data-id=\"d715785\" data-element_type=\"widget\" data-widget_type=\"image-box.default\">\n\t\t\t\t<div class=\"elementor-widget-container\">\n\t\t\t\t\t<div class=\"elementor-image-box-wrapper\"><figure class=\"elementor-image-box-img\"><img decoding=\"async\" width=\"440\" height=\"380\" src=\"https:\/\/otwarteszkoly.eu\/wp-content\/uploads\/2024\/07\/Marzena-Krolczyk_m.jpg\" class=\"attachment-full size-full wp-image-176\" alt=\"\" srcset=\"https:\/\/otwarteszkoly.eu\/wp-content\/uploads\/2024\/07\/Marzena-Krolczyk_m.jpg 440w, https:\/\/otwarteszkoly.eu\/wp-content\/uploads\/2024\/07\/Marzena-Krolczyk_m-300x259.jpg 300w\" sizes=\"(max-width: 440px) 100vw, 440px\" \/><\/figure><div class=\"elementor-image-box-content\"><h3 class=\"elementor-image-box-title\">Marzena Kr\u00f3lczyk <br> RELACJE<\/h3><p class=\"elementor-image-box-description\">\"Docenia si\u0119 uczciwo\u015b\u0107. Zdobywa si\u0119 zaufanie. Lojalno\u015b\u0107 jest zwracana\"\nRelacje - oparte na szczero\u015bci, szacunku i zaufaniu. To dla mnie wa\u017cne, by w Innym widzie\u0107 przede wszystkim Cz\u0142owieka. Tworzy\u0107 przestrze\u0144 otwart\u0105 na dialog i poszukiwanie rozwi\u0105za\u0144. Fantastyczny zesp\u00f3\u0142 edukator\u00f3w to osoby \u017cyj\u0105ce w zgodzie z w\u0142asnymi warto\u015bciami, z entuzjazmem i pasj\u0105 podchodz\u0105ce do pracy. To bezcenne spotkania.<\/p><\/div><\/div>\t\t\t\t<\/div>\n\t\t\t\t<\/div>\n\t\t\t\t<div class=\"elementor-element elementor-element-7dadd73 elementor-position-top elementor-widget elementor-widget-image-box\" data-id=\"7dadd73\" data-element_type=\"widget\" data-widget_type=\"image-box.default\">\n\t\t\t\t<div class=\"elementor-widget-container\">\n\t\t\t\t\t<div class=\"elementor-image-box-wrapper\"><figure class=\"elementor-image-box-img\"><img loading=\"lazy\" decoding=\"async\" width=\"440\" height=\"380\" src=\"https:\/\/otwarteszkoly.eu\/wp-content\/uploads\/2024\/07\/Ania-Idzikowska_m.jpg\" class=\"attachment-full size-full wp-image-174\" alt=\"\" srcset=\"https:\/\/otwarteszkoly.eu\/wp-content\/uploads\/2024\/07\/Ania-Idzikowska_m.jpg 440w, https:\/\/otwarteszkoly.eu\/wp-content\/uploads\/2024\/07\/Ania-Idzikowska_m-300x259.jpg 300w\" sizes=\"(max-width: 440px) 100vw, 440px\" \/><\/figure><div class=\"elementor-image-box-content\"><h3 class=\"elementor-image-box-title\">Anna Idzikowska <br> ODPOWIEDZIALNO\u015a\u0106<\/h3><p class=\"elementor-image-box-description\">\u201eBy\u0107 cz\u0142owiekiem to w\u0142a\u015bnie by\u0107 odpowiedzialnym.\u201d Antonie de Saint-Exupery<br>\nOdpowiedzialno\u015b\u0107 jest postaw\u0105 samorealizacji cz\u0142owieka, jego moralno\u015bci, kt\u00f3ra przejawia si\u0119 zar\u00f3wno w jego stosunku do samego siebie, jak i relacjach z lud\u017ami, a tak\u017ce w stosunku do wykonywanych zada\u0144. Cz\u0142owiek odpowiedzialny jest wiarygodny i przewidywalny, wie co robi, zna cel dzia\u0142ania i przewiduje jego nast\u0119pstwa, przyjmuje i ponosi konsekwencje tych dzia\u0142a\u0144.<\/p><\/div><\/div>\t\t\t\t<\/div>\n\t\t\t\t<\/div>\n\t\t\t\t<div class=\"elementor-element elementor-element-4b30854 elementor-position-top elementor-widget elementor-widget-image-box\" data-id=\"4b30854\" data-element_type=\"widget\" data-widget_type=\"image-box.default\">\n\t\t\t\t<div class=\"elementor-widget-container\">\n\t\t\t\t\t<div class=\"elementor-image-box-wrapper\"><figure class=\"elementor-image-box-img\"><img loading=\"lazy\" decoding=\"async\" width=\"1134\" height=\"1049\" src=\"https:\/\/otwarteszkoly.eu\/wp-content\/uploads\/2024\/07\/Marcin_m-1.jpg\" class=\"attachment-full size-full wp-image-233\" alt=\"\" srcset=\"https:\/\/otwarteszkoly.eu\/wp-content\/uploads\/2024\/07\/Marcin_m-1.jpg 1134w, https:\/\/otwarteszkoly.eu\/wp-content\/uploads\/2024\/07\/Marcin_m-1-300x278.jpg 300w, https:\/\/otwarteszkoly.eu\/wp-content\/uploads\/2024\/07\/Marcin_m-1-1024x947.jpg 1024w, https:\/\/otwarteszkoly.eu\/wp-content\/uploads\/2024\/07\/Marcin_m-1-768x710.jpg 768w\" sizes=\"(max-width: 1134px) 100vw, 1134px\" \/><\/figure><div class=\"elementor-image-box-content\"><h3 class=\"elementor-image-box-title\">Marcin Howaniec <br> ZAANGA\u017bOWANIE<\/h3><p class=\"elementor-image-box-description\">W dobrej szkole otwarty, zaanga\u017cowany i kreatywny powinien by\u0107 przede wszystkim ucze\u0144. Co zrobi nauczyciel, cho\u0107by i najlepszy, je\u017celi ucze\u0144 b\u0119dzie zamkni\u0119ty na wiedz\u0119, bierny i bez wyobra\u017ani? Dlatego rol\u0105 nas, nauczycieli, edukator\u00f3w jest t\u0105 otwarto\u015b\u0107, zaanga\u017cowanie i kreatywno\u015b\u0107 w uczniach roznieca\u0107. A wtedy taki duet - ucze\u0144 i nauczyciel mo\u017ce si\u0119 porwa\u0107 nawet na niemo\u017cliwe!<\/p><\/div><\/div>\t\t\t\t<\/div>\n\t\t\t\t<\/div>\n\t\t\t\t<div class=\"elementor-element elementor-element-a43b02a elementor-position-top elementor-widget elementor-widget-image-box\" data-id=\"a43b02a\" data-element_type=\"widget\" data-widget_type=\"image-box.default\">\n\t\t\t\t<div class=\"elementor-widget-container\">\n\t\t\t\t\t<div class=\"elementor-image-box-wrapper\"><figure class=\"elementor-image-box-img\"><img loading=\"lazy\" decoding=\"async\" width=\"432\" height=\"484\" src=\"https:\/\/otwarteszkoly.eu\/wp-content\/uploads\/2024\/07\/ewa-tomsia_m.webp\" class=\"attachment-full size-full wp-image-178\" alt=\"\" srcset=\"https:\/\/otwarteszkoly.eu\/wp-content\/uploads\/2024\/07\/ewa-tomsia_m.webp 432w, https:\/\/otwarteszkoly.eu\/wp-content\/uploads\/2024\/07\/ewa-tomsia_m-268x300.webp 268w\" sizes=\"(max-width: 432px) 100vw, 432px\" \/><\/figure><div class=\"elementor-image-box-content\"><h3 class=\"elementor-image-box-title\">Ewa Tomsia <br>MY\u015aLENIE<\/h3><p class=\"elementor-image-box-description\">\"Cogito ergo sum\" - My\u015bl\u0119 wi\u0119c jestem.\nMy\u015blenie pozwala nam w pe\u0142ni ukszta\u0142towa\u0107 swoj\u0105 osobowo\u015b\u0107, pozwala na bycie innym, odr\u0119bnym, na kreatywno\u015b\u0107, na spe\u0142nianie marze\u0144, na odwag\u0119 w wypowiadaniu swojego zdania nie obra\u017caj\u0105c innych. My\u015blenie wyrabia w nas ciekawo\u015b\u0107 \u015bwiata i drugiego cz\u0142owieka. Uczy zadawania pyta\u0144, analizowania i skupienia. Pokazuje r\u00f3\u017cne mo\u017cliwo\u015bci rozwi\u0105zania problem\u00f3w. Do celu mo\u017cna doj\u015b\u0107 r\u00f3\u017cnymi drogami. Dlatego... pozw\u00f3lmy dzieciom my\u015ble\u0107.<\/p><\/div><\/div>\t\t\t\t<\/div>\n\t\t\t\t<\/div>\n\t\t\t\t<div class=\"elementor-element elementor-element-ee241c2 elementor-position-top elementor-widget elementor-widget-image-box\" data-id=\"ee241c2\" data-element_type=\"widget\" data-widget_type=\"image-box.default\">\n\t\t\t\t<div class=\"elementor-widget-container\">\n\t\t\t\t\t<div class=\"elementor-image-box-wrapper\"><figure class=\"elementor-image-box-img\"><img loading=\"lazy\" decoding=\"async\" width=\"500\" height=\"517\" src=\"https:\/\/otwarteszkoly.eu\/wp-content\/uploads\/2024\/07\/malwina-szczesniak_m.webp\" class=\"attachment-full size-full wp-image-179\" alt=\"\" srcset=\"https:\/\/otwarteszkoly.eu\/wp-content\/uploads\/2024\/07\/malwina-szczesniak_m.webp 500w, https:\/\/otwarteszkoly.eu\/wp-content\/uploads\/2024\/07\/malwina-szczesniak_m-290x300.webp 290w\" sizes=\"(max-width: 500px) 100vw, 500px\" \/><\/figure><div class=\"elementor-image-box-content\"><h3 class=\"elementor-image-box-title\">Malwina Szcze\u015bniak <br> PRAWDA<\/h3><p class=\"elementor-image-box-description\">Prawda to dla mnie warto\u015b\u0107 nadrz\u0119dna! \u017bycie w prawdzie i w zgodzie ze sob\u0105 pozwala na bycie szczerym i autentycznym, nie tylko w pracy.\n<br>Zadaj sobie pytanie: czy jeste\u015b prawdziwy?\nTak? a mo\u017ce tylko Ci si\u0119 wydaje...\nTak naprawd\u0119 nikt tego nie weryfikuje szybciej ni\u017c dzieci i m\u0142odzie\u017c. <br>\"Prawda w oczach, prawda w sercu\".<\/p><\/div><\/div>\t\t\t\t<\/div>\n\t\t\t\t<\/div>\n\t\t\t\t\t<\/div>\n\t\t\t\t<\/div>\n\t\t\t\t<\/div>\n\t\t","protected":false},"excerpt":{"rendered":"<p>Nasze Warto\u015bci Warto\u015bci, jakimi kieruj\u0105 si\u0119 nasi edukatorzy W naszej szkole nie ma dzwonk\u00f3w, siedzenia w bezruchu, ocen ani zada\u0144 domowych. Dla starszych uczni\u00f3w jest og\u00f3lny podzia\u0142 zaj\u0119\u0107 na przedmioty. &#8230;<\/p>\n","protected":false},"author":1,"featured_media":0,"parent":0,"menu_order":0,"comment_status":"closed","ping_status":"closed","template":"elementor_header_footer","meta":{"footnotes":""},"class_list":["post-86","page","type-page","status-publish","hentry"],"_links":{"self":[{"href":"https:\/\/otwarteszkoly.eu\/index.php?rest_route=\/wp\/v2\/pages\/86","targetHints":{"allow":["GET"]}}],"collection":[{"href":"https:\/\/otwarteszkoly.eu\/index.php?rest_route=\/wp\/v2\/pages"}],"about":[{"href":"https:\/\/otwarteszkoly.eu\/index.php?rest_route=\/wp\/v2\/types\/page"}],"author":[{"embeddable":true,"href":"https:\/\/otwarteszkoly.eu\/index.php?rest_route=\/wp\/v2\/users\/1"}],"replies":[{"embeddable":true,"href":"https:\/\/otwarteszkoly.eu\/index.php?rest_route=%2Fwp%2Fv2%2Fcomments&post=86"}],"version-history":[{"count":28,"href":"https:\/\/otwarteszkoly.eu\/index.php?rest_route=\/wp\/v2\/pages\/86\/revisions"}],"predecessor-version":[{"id":418,"href":"https:\/\/otwarteszkoly.eu\/index.php?rest_route=\/wp\/v2\/pages\/86\/revisions\/418"}],"wp:attachment":[{"href":"https:\/\/otwarteszkoly.eu\/index.php?rest_route=%2Fwp%2Fv2%2Fmedia&parent=86"}],"curies":[{"name":"wp","href":"https:\/\/api.w.org\/{rel}","templated":true}]}}